338 is divided by 5518.
16
What is the remainder when 13092558 is divided by 366?
6
What is the remainder when 12847299 is divided by 351?
348
What is the remainder when 608856886 is divided by 3?
1
Calculate the remainder when 585200 is divided by 29260.
0
What is the remainder when 633589 is divided by 682?
11
What is the remainder when 812256 is divided by 169?
42
Calculate the remainder when 934394 is divided by 1161.
950
What is the remainder when 159032 is divided by 6116?
16
Calculate the remainder when 7589383 is divided by 71.
51
What is the remainder when 190954 is divided by 15904?
106
Calculate the remainder when 383702800 is divided by 222.
220
Calculate the remainder when 63185 is divided by 5255.
125
Calculate the remainder when 3369855 is divided by 128.
127
What is the remainder when 39349 is divided by 2029?
798
Calculate the remainder when 469968 is divided by 24610.
2378
Calculate the remainder when 8488034 is divided by 8487960.
74
Calculate the remainder when 22995281 is divided by 19.
18
Calculate the remainder when 39196253 is divided by 164.
89
Calculate the remainder when 83655925 is divided by 482.
5
What is the remainder when 18905177 is divided by 16?
9
What is the remainder when 3719566 is divided by 37954?
74
What is the remainder when 1532767 is divided by 1805?
322
What is the remainder when 29997237 is divided by 612188?
25
Calculate the remainder when 10837652 is divided by 682.
672
What is the remainder when 43388 is divided by 1878?
194
What is the remainder when 361287149 is divided by 23?
21
Calculate the remainder when 713844 is divided by 832.
820
What is the remainder when 731745 is divided by 96?
33
Calculate the remainder when 1129124 is divided by 1480.
1364
What is the remainder when 6351703 is divided by 247?
98
Calculate the remainder when 262622 is divided by 576.
542
What is the remainder when 1145411 is divided by 27929?
322
What is the remainder when 51057316 is divided by 981871?
24
What is the remainder when 5074661 is divided by 2537266?
129
What is the remainder when 1342486 is divided by 61?
59
Calculate the remainder when 25748815 is divided by 44.
15
What is the remainder when 23271 is divided by 3318?
45
What is the remainder when 609416 is divided by 16?
8
Calculate the remainder when 257542 is divided by 8041.
230
What is the remainder when 3581717 is divided by 244?
41
What is the remainder when 69286138 is divided by 63?
61
Calculate the remainder when 21279405 is divided by 142.
137
Calculate the remainder when 115204393 is divided by 9269.
9261
What is the remainder when 182539426 is divided by 44?
14
Calculate the remainder when 51111 is divided by 4600.
511
Calculate the remainder when 545279 is divided by 2648.
2439
Calculate the remainder when 37549 is divided by 615.
34
Calculate the remainder when 28444649 is divided by 390.
389
What is the remainder when 2652224 is divided by 2676?
308
Calculate the remainder when 2863495 is divided by 74.
65
What is the remainder when 2612769 is divided by 127?
125
Calculate the remainder when 40707991 is divided by 74.
73
Calculate the remainder when 6694224 is divided by 2231253.
465
Calculate the remainder when 607567 is divided by 202036.
1459
What is the remainder when 1150061 is divided by 1230?
11
What is the remainder when 3338373 is divided by 18?
3
What is the remainder when 1980455 is divided by 3953?
2
What is the remainder when 15085679 is divided by 120?
119
What is the remainder when 95441037 is divided by 414961?
7
Calculate the remainder when 7493021 is divided by 25661.
9
Calculate the remainder when 2431139 is divided by 125.
14
Calculate the remainder when 480836 is divided by 2861.
188
What is the remainder when 793647 is divided by 19?
17
Calculate the remainder when 2492690 is divided by 3355.
3280
Calculate the remainder when 213470 is divided by 223.
59
Calculate the remainder when 8365385 is divided by 72.
65
What is the remainder when 20251161 is divided by 190?
11
Calculate the remainder when 5530810 is divided by 356.
350
What is the remainder when 551704 is divided by 9044?
20
Calculate the remainder when 4127807 is divided by 4772.
27
Calculate the remainder when 1098967 is divided by 181.
116
Calculate the remainder when 11881560 is divided by 426.
420
What is the remainder when 299357 is divided by 99731?
164
What is the remainder when 21505 is divided by 843?
430
Calculate the remainder when 250852 is divided by 25.
2
What is the remainder when 27003882 is divided by 7919?
92
Calculate the remainder when 2238010 is divided by 203453.
27
What is the remainder when 3158948 is divided by 1756?
1660
Calculate the remainder when 450487 is divided by 33.
4
Calculate the remainder when 132063455 is divided by 14.
13
Calculate the remainder when 4328369 is divided by 188189.
22
Calculate the remainder when 561928 is divided by 1246.
1228
What is the remainder when 2839867 is divided by 175?
142
What is the remainder when 223123 is divided by 12392?
67
Calculate the remainder when 128635 is divided by 32153.
23
What is the remainder when 92905746 is divided by 69?
6
What is the remainder when 213888 is divided by 1004?
36
Calculate the remainder when 4520600 is divided by 2661.
2222
Calculate the remainder when 2102167 is divided by 35.
32
Calculate the remainder when 1188545530 is divided by 17.
16
Calculate the remainder when 26340010 is divided by 3537.
3508
Calculate the remainder when 19042362 is divided by 11.
9
Calculate the remainder when 417607 is divided by 11234.
1949
What is the remainder when 3137817 is divided by 164?
5
What is the remainder when 95555 is divided by 31679?
518
Calculate the remainder when 134146927 is divided by 243.
235
What is the remainder when 1618314 is divided by 2985?
444
What is the remainder when 608421 is divided by 86?
57
What is the remainder when 1440931 is divided by 8?
3
Calculate the remainder when 80641 is divided by 521.
407
What is the remainder when 119578 is divided by 17070?
88
What is the remainder when 60249 is divided by 486?
471
Calculate the remainder when 222219 is divided by 1.
0
Calculate the remainder when 54513 is divided by 11618.
8041
Calculate the remainder when 2621256 is divided by 65530.
56
Calculate the remainder when 179228 is divided by 4496.
3884
Calculate the remainder when 569250 is divided by 56912.
130
What is the remainder when 424787 is divided by 15725?
212
Calculate the remainder when 10206688 is divided by 773.
769
Calculate the remainder when 6998618 is divided by 1749641.
54
What is the remainder when 50557 is divided by 1085?
647
Calculate the remainder when 1933882 is divided by 24.
10
Calculate the remainder when 341522 is divided by 85347.
134
What is the remainder when 11633 is divided by 10939?
694
What is the remainder when 590902 is divided by 18?
16
What is the remainder when 277574 is divided by 2498?
296
Calculate the remainder when 74599 is divided by 740.
599
Calculate the remainder when 17655 is divided by 887.
802
What is the remainder when 1295685 is divided by 23546?
655
What is the remainder when 1469057 is divided by 1785?
2
Calculate the remainder when 43221 is divided by 830.
61
What is the remainder when 15494138 is divided by 427?
16
Calculate the remainder when 3645204 is divided by 57.
54
What is the remainder when 348277 is divided by 69643?
62
Calculate the remainder when 4887 is divided by 1051.
683
Calculate the remainder when 3434679 is divided by 1717208.
263
What is the remainder when 10254425 is divided by 7882?
7825
Calculate the remainder when 210469402 is divided by 82.
2
Calculate the remainder when 30685 is divided by 7573.
393
Calculate the remainder when 11372463 is divided by 29.
26
Calculate the remainder when 355292 is divided by 13732.
11992
What is the remainder when 157587 is divided by 508?
107
What is the remainder when 53665 is divided by 26819?
27
Calculate the remainder when 2266328 is divided by 413.
197
What is the remainder when 712419 is divided by 165?
114
Calculate the remainder when 71646295 is divided by 111.
13
Calculate the remainder when 1087250 is divided by 221.
151
What is the remainder when 67043 is divided by 8985?
4148
Calculate the remainder when 406630 is d